is divided by w - (-2 + -3 + 1)?
12
Let b = 25 + -15. Calculate the remainder when ((-1)/(-2))/(14/1372) is divided by b.
9
Suppose 7*p - 14*p = -210. What is the remainder when (177/2)/(24/16) is divided by p?
29
Let y(a) = -3*a + 1. Suppose 5*w - w + t + 32 = 0, 2*w + 4*t = -30. Calculate the remainder when y(-2) is divided by (-2)/(-14)*-3*w.
1
Suppose -283 = -3*t - 5*x, -4*x - 283 - 127 = -5*t. What is the remainder when t is divided by 18?
14
Calculate the remainder when ((-68)/(-10))/(10/550) is divided by 54.
50
Suppose -351 = -11*r + 2*r. What is the remainder when 73 is divided by r?
34
Let t(z) be the third derivative of 0*z + 1/120*z**6 + 0*z**3 + 0 + 0*z**5 + z**2 - 1/24*z**4. What is the remainder when 17 is divided by t(2)?
5
What is the remainder when 138/23*(-7)/(-3) is divided by ((-18)/(-5))/(4/10)?
5
Let p(x) = -x**2 - 15*x - 7. Suppose -3*l + 11 = -2*l + 5*i, -5*l - 2*i = -55. Let j = 1 - l. Calculate the remainder when p(j) is divided by 11.
10
Let z(c) = c**3 + 18*c**2 - 18*c + 22. Let s be z(-19). Suppose -102 = -4*b + 2*n - 0*n, 5*n + 80 = s*b. Calculate the remainder when 45 is divided by b.
20
What is the remainder when 127 is divided by 2/8*(-2 - -134)?
28
Let c(p) = p**3 + 8*p**2 + 4*p - 13. Let r be c(-7). Suppose 0 = 9*s - r*s - 6. What is the remainder when 45 is divided by s?
3
What is the remainder when 53 is divided by (-637)/(-39) - (2/6 - 0)?
5
Let z(n) = n**3 + 10*n**2 + 8*n - 5. What is the remainder when z(-4) is divided by (-4)/(-1)*(4 - 1)?
11
Suppose -s + 102 = -r, 4*s - 188 = -5*r + 229. Suppose -99 - s = -2*p. Calculate the remainder when p is divided by 26.
23
Let o(v) = 20*v**3 - 2*v**2 - v - 18. Calculate the remainder when o(3) is divided by 24.
21
Let d = 21 - 16. Let v = 10 + d. Suppose 172 = 3*h - a + 2, -5*h + 255 = 4*a. What is the remainder when h is divided by v?
10
Let x be (-13)/5 - ((-60)/(-25) - 2). What is the remainder when (-10)/6 - -1 - 134/x is divided by 16?
12
Suppose -33 = -b - 0. Let g be -1 + (4 - 62 - -2). Let o = g - -66. What is the remainder when b is divided by o?
6
Let i be (58/(-5)*2)/(54/(-135)). Suppose i = 5*t - 52. Calculate the remainder when t is divided by 4.
2
Let c = 296 - 276. What is the remainder when 218 is divided by c?
18
Let z = 1123 + -1099. What is the remainder when 147 is divided by z?
3
Suppose -5*o + 340 = -0*o. Suppose 5*w = 4*n - 68, -n - 2*w - o = -6*n. What is the remainder when 55 is divided by n?
7
Let z(c) = -2*c - 25. What is the remainder when 40 is divided by z(-26)?
13
Let w = 13 - 5. Let y(o) = o**3 - o**2 - 2*o + 2. What is the remainder when y(3) is divided by w?
6
Let s = -58 + 67. Calculate the remainder when (2 - 7)*(0 - 5) is divided by s.
7
Let k(j) = 2 + 0 + 1 - 1 + j. Let h be k(5). Suppose -106 = -3*c - h. What is the remainder when 96 is divided by c?
30
Suppose -3*t - 2 = 2*s - 31, 4*s + 5*t = 53. Suppose 0 = 4*a + 5*f - 33 + 2, -a - 5*f = -19. What is the remainder when s is divided by a?
3
Let f(d) = 3*d + 126. Calculate the remainder when f(-6) is divided by 51.
6
Let r = -138 + 257. Suppose -418*m + 414*m + 160 = 0. What is the remainder when r is divided by m?
39
What is the remainder when (-888)/(-6) - (-1 - -3) is divided by 125?
21
Suppose i + 15 = 4*i. Suppose i*o = 7*o - 18. What is the remainder when 26 is divided by o?
8
Let q(r) = 2*r**3 + 5*r**2 - 4*r - 36. Let s(x) = x**3 + 3*x**2 - 2*x - 18. Let b(v) = 2*q(v) - 5*s(v). Calculate the remainder when 14 is divided by b(-5).
6
Let y = -115 + 203. Suppose 2*z + 1 = 5, -4*z - y = -2*f. Suppose -b + 45 = 3*r - 3*b, 2*r + 3*b - 17 = 0. What is the remainder when f is divided by r?
9
Suppose -4*v - 5 - 7 = 0, 5*p = 3*v + 184. Suppose 0 = -3*r - 4*w + 13, 0*r + p = 5*r + 4*w. Let h = r - 5. Calculate the remainder when 10 is divided by h.
4
Let v = -1 - -20. Suppose -4*l + 255 + 57 = 0. Suppose -u + 2*m = -63, -u - 2*m = -m - l. What is the remainder when u is divided by v?
16
Let p(v) = -11*v + 10. Suppose -52*y - 713 = -83*y. What is the remainder when p(-7) is divided by y?
18
Calculate the remainder when 1116/8 + (2 + -1)/(-2) is divided by 28.
27
Suppose -4*w + 15 = 5*f, -2*f + 9 = f + w. Suppose -9 = f*n - 114. Calculate the remainder when n is divided by 19.
16
Let y = -32 + 35. Suppose -y*m + 4 = -2*m, -4*b + 196 = 2*m. Let t = b - 38. Calculate the remainder when 23 is divided by t.
5
Let q(m) = 5*m**3 - 47*m + 47. What is the remainder when q(1) is divided by 1?
0
Suppose 14 = 2*h - 4*y, 0 = h - 4*h - y. Calculate the remainder when 78 is divided by h/6*3*4 - -25.
24
Let k(q) = -2*q**3 + 3*q**2 - 3*q - 9. Calculate the remainder when 410 is divided by k(-3).
5
Let a(s) = s**2 + 15*s + 18. Let q be a(-14). Suppose -q*k + 20 = -20. What is the remainder when 129 is divided by k?
9
Suppose 4*a + a = 85. Let k(f) = -2 - 4 - 4*f + 0. Calculate the remainder when a is divided by k(-4).
7
What is the remainder when 128 is divided by 7/14*-14 - -66?
10
Suppose 3*m = 12 + 48. Let s(h) = 24*h**2 + h - 16*h**2 + 15*h**2 + 33*h**2. What is the remainder when s(1) is divided by m?
17
Suppose j = -4*b + 269, 0 = -3*b - 16*j + 15*j + 202. Suppose 0 = -2*m - 5 - 3. Let h(q) = -5*q - 3. Calculate the remainder when b is divided by h(m).
16
Let l = 0 + 4. Suppose -n = 4, 0 = l*c + 5*n - n - 132. Suppose -3*y = -3*i + 42, -i = -2*i - 2*y + 11. Calculate the remainder when c is divided by i.
11
Suppose -2921*x + 2905*x = -15344. Calculate the remainder when x is divided by 37.
34
Let g(k) = -k + 38. What is the remainder when g(-19) is divided by 7?
1
Suppose -4*o + 0*o - 12 = 0. Suppose 12*g + 4 = 436. What is the remainder when (-18)/(o - g/(-16)) is divided by 7?
3
Let g = -62 - -60. Let p be -1*-6*(-1 - -2). Calculate the remainder when 65 is divided by (-2)/p*(g + -49).
14
Let f be 1/(-5) + 99/45. Suppose -t = f, t + 12 = 2*a - 2. Suppose 0 = -7*p + a*p + 6. Calculate the remainder when 11 is divided by p.
5
Suppose 33*c = 926 + 790. Calculate the remainder when 153 is divided by c.
49
Let h be (1 + -2)/(-2 + 1). Let b be -1*((-16)/4 - h). Suppose -b*l + 12 = -3*l. Calculate the remainder when 8 is divided by l.
2
What is the remainder when (30 - -3)*((-5 - -1) + 5) is divided by 62/5 - (-4)/(-10)?
9
Suppose -2*p - i = -3 - 0, -2*i + 6 = 0. Suppose 17 = 5*t - 3*n, -4*t - 5*n - 2 + 23 = p. What is the remainder when 5 is divided by t?
1
Let c(b) = 7*b - 2 - 43*b**3 + 11*b**2 + 44*b**3 - 2*b. What is the remainder when c(-10) is divided by 17?
14
Suppose -6*l - w = -l - 28, -5*l + 13 = -4*w. Suppose -4*d + 77 = -h, -3*h - l = -2. Suppose -5*a + 36 = -d. What is the remainder when 31 is divided by a?
9
Let b be 16/(-20)*-1*(-5)/(-2). Suppose -5*t + 3*t + 37 = 3*w, 2*t = 5*w - 51. Suppose -w - 31 = -b*a. What is the remainder when 40 is divided by a?
19
Let f(a) = 3*a**2 - 27*a - 96. Calculate the remainder when 371 is divided by f(-4).
11
Let m = -422 + 547. What is the remainder when m is divided by 32?
29
Let m(c) = 97*c**2 + 4*c + 8. Let v be m(-3). Suppose -10*g = -21 - v. Calculate the remainder when g is divided by 30.
29
Suppose 414 + 286 = 28*s. Suppose 4*g - 205 = 3*v, 3*v + 6 + 3 = 0. What is the remainder when g is divided by s?
24
Suppose 2*t - 79 + 11 = 0. Let u(v) = -1 + 6*v - v + v - 4*v. Calculate the remainder when t is divided by u(5).
7
Let r(h) = -9*h**2 + 66*h - 9. Calculate the remainder when 32 is divided by r(7).
8
Suppose 3*z + 2*u - 44 = 0, 0 = -6*z + z + 3*u + 105. Suppose -g + 4*g = z. What is the remainder when (-11)/((-77)/42)*(-165)/(-45) is divided by g?
4
What is the remainder when 778 is divided by (1 - (5 - 6))*(-164)/(-8)?
40
Suppose -5*n + 934 = 3*k - 672, 0 = 5*k - 10. Calculate the remainder when n is divided by 46.
44
What is the remainder when 86 is divided by ((-30)/9)/(16/(-24))?
1
Suppose i - 180 = -3*i. Let l = -1155 + 1242. Calculate the remainder when l is divided by i.
42
Let j = 4 + 89. Let x = -18 + 37. What is the remainder when j is divided by x?
17
Suppose 0 = -3*m + 2*m + 66. Suppose 0*t - 3*t = -5*g - m, 5*g + 15 = 0. Calculate the remainder when 35 is divided by (t + -2)*(-12)/(-10).
17
Suppose 0 = 3*y - 12*y + 2484. Let l = y + -104. What is the remainder when l is divided by 25?
22
Let a(s) = -s - 34. Let m be a(-